pose -o = 6*b - 238. What is the tens digit of b?
3
Suppose 0 = -5*o + o + 5*o. Suppose 2*i + 1343 = s, s + 4*i + o*i = 1319. What is the hundreds digit of s?
3
Let n be (-4 - -6) + 5 - 3. Suppose h + 2*h = 0, -5*h - 76 = -n*z. Suppose -4 = -4*y, -4*y - z = -f + 20. What is the tens digit of f?
4
Let g = -10905 + 37719. What is the hundreds digit of g?
8
Let c(o) = 4153*o**2 - 4*o + 2. Let z be c(2). Suppose 11*g + 8*g - z = 0. What is the hundreds digit of g?
8
Suppose 6*g = 3*g + 15, 0 = 5*v + 3*g - 75. Suppose 4*i + v*n - 11*n = 2017, -4*n = -20. What is the hundreds digit of i?
5
Let g(z) = 247*z - 352. What is the thousands digit of g(20)?
4
Suppose -q + 2*v = v + 4, 5*q + 3*v - 12 = 0. Let i(a) = 3*a. Let m be i(q). Suppose j = 3*h - 275, -3*h - 5*j = -m*h - 299. What is the units digit of h?
3
Let a be (-6)/3 - (9 + -14). Suppose a*h - 2*h - 177 = 4*g, 354 = 2*h - 5*g. Let i = h - 93. What is the tens digit of i?
8
Suppose -4*z + x = -3*x - 4424, 3*z = -4*x + 3353. Let n = 1754 - z. What is the units digit of n?
3
Let i be 0 + (6 - 0) + -1030. Let q = i + 2061. What is the hundreds digit of q?
0
Let d(y) = y**3 + 21*y**2 + 21*y - 1. Let a be d(-20). Let h = 48 + a. What is the units digit of (-9)/(h/(-174)) + 2?
0
Let c = -6169 - -6309. What is the hundreds digit of c?
1
Let b = 25914 - 12580. What is the units digit of b?
4
Let m be 9/(-6) + (-24525)/(-6). Suppose 17*s = 8*s + m. What is the hundreds digit of s?
4
Let o = 1711 - 1692. What is the tens digit of o?
1
Suppose -d = o - 4, -3*o + 11*d = 16*d - 14. Let g(f) = 50*f + 45. What is the units digit of g(o)?
5
Let u(g) = 28*g + 91. Let f be u(-3). Suppose -b = -a - 5, -b - 1 = 3*a + 2. Suppose f*q = b*q + 44. What is the units digit of q?
1
Suppose 8731 = 3*s + 1339. Suppose 3*t + 8*g = 3*g + s, -2*g + 823 = t. What is the tens digit of t?
1
Let s(w) = -11*w**3 - 40*w**2 - 372*w + 32. What is the hundreds digit of s(-14)?
5
Suppose -3*p - 4*c - 8 = -0*c, -3*p = 3*c + 3. Suppose 3*o = 3, -4*o + 1280 = p*n - 0*o. What is the units digit of n?
9
Let h = -4174 + 22177. Suppose 0 = -98*j + 115*j - h. What is the tens digit of j?
5
Let d(s) = 64*s - 32. Let m be d(8). Suppose 14*g = 2*g + m. Suppose g = -3*l + 316. What is the tens digit of l?
9
Suppose 2*c = -2*f + 28972, -424*f = -420*f - 8. What is the ten thousands digit of c?
1
Suppose 18 = 10*b - 92. What is the units digit of b*-22*(-15)/15?
2
Let z = -3 - 11. Let a(f) = -151 + 6*f + 155 - 16*f. What is the units digit of a(z)?
4
Suppose -1 = 5*g - 11. Suppose 7*k = 16 - g. Suppose -2*w + 43 = s - 14, -k*w = -3*s + 179. What is the units digit of s?
9
Let k = -32 - -35. Suppose 0 = k*q - 197 + 29. What is the units digit of q?
6
Let d be 0/2 - (-270)/9. Let t(u) = 3*u**2 - 54*u + 26. What is the units digit of t(d)?
6
Let q(w) = -147*w + 33. Let x(g) = -g**2 + 10*g - 30. Let a be x(5). What is the units digit of q(a)?
8
Let u(c) = -190*c**3 + 46*c**2 + 192*c - 8. What is the units digit of u(-4)?
0
Let w(s) = s**3 - 9*s**2 + 14*s + 15. Let o = 6 - 3. Suppose 4 - 28 = -o*v. What is the units digit of w(v)?
3
Let s(o) be the first derivative of -3*o**2/2 + 34*o - 10. Let u be s(10). Suppose -u*w + 202 = 4*h + 54, 40 = h + 2*w. What is the tens digit of h?
3
Let s(f) = 1399*f**2 + 4*f + 5. Let c be s(-1). Suppose -5*y = -4*d + 565 + c, 4*y + 483 = d. What is the tens digit of d?
9
Suppose 13*l - 181 = 14*l. Let c = -156 - l. What is the tens digit of c?
2
Let h = -109 - -100. What is the hundreds digit of 27/h*((-1424)/6 + 2)?
7
Suppose 4*d = -v + 29311 + 7869, 2*d + 3*v - 18580 = 0. What is the tens digit of d?
9
Let b = 23 - 17. Let n be b + -2 + -3 + 2 + 314. Suppose -n = -5*z + 223. What is the units digit of z?
8
Suppose a = -9*q + 5*q + 46, -5*a = 4*q - 294. Let z(u) = -16*u + a*u**2 + 16*u. What is the tens digit of z(-1)?
6
Let s = 137 - 130. Suppose -270 = -k + 2*l, -s*l - 279 = -k - 8*l. What is the tens digit of k?
7
Let t(c) = c**3 + 7*c**2 - 7*c + 5. Let o be t(-8). Let q be (o/2)/(6/(-8)). Suppose -q*b + 3 = -123. What is the units digit of b?
3
Suppose -130 - 910 = 10*x. Let m = x - -205. Let l = -11 + m. What is the tens digit of l?
9
Suppose 0 = 5*g - s - 25, -2*g + 0*s + 3*s = -23. What is the tens digit of (-6658)/(-13) + g/(-26)?
1
Suppose -5*x + v + 12866 = -11551, 4*v = -4*x + 19524. What is the tens digit of x?
8
Suppose 0 = -9*q + 102357 - 23193. What is the hundreds digit of q?
7
Suppose 0 = 5*v - 4*a - 49, 3*a + 17 + 23 = 4*v. Suppose v*r - 4871 - 4593 = 0. What is the tens digit of r?
2
Let j = -8519 + 41592. What is the ten thousands digit of j?
3
Let d = -867 + 1295. Suppose 5*c = 4*u + 700, d = 3*c - 3*u - u. Suppose -2*q - 4*w + c = 3*q, 44 = 2*q - w. What is the units digit of q?
4
Suppose 16170 = 8*n - 29*n. Let z = n + 1658. What is the hundreds digit of z?
8
Let o(h) = -h**3 + 14*h**2 - 19*h + 8. Let z be o(12). Suppose 64*c - z*c = -112. What is the units digit of c?
8
Let q(y) = 21*y**2 - 11*y - 2. Suppose -4*p = 5*j + 8 + 9, 5*p = 4*j - 11. Let m be q(p). Let v = -65 + m. What is the units digit of v?
5
Suppose t + 96536 = -11*t + 23*t. What is the tens digit of t?
7
Let k(f) = -4*f**3 - 10*f**2 - 12*f - 645. What is the ten thousands digit of k(-15)?
1
Let l(x) = 519*x**2 - 162*x - 690. What is the tens digit of l(-4)?
6
Let x(c) = -2806*c - 2. Let k be x(-2). Suppose -19*u + 4*u + k = 0. What is the tens digit of u?
7
Let g be -3*1 + (-3 + 7 - -4). Let h(m) = -m**3 + 6*m**2 + 6*m + 3. Let r be h(g). Suppose 4*v + i - 133 = r, 0 = -i - 5. What is the units digit of v?
9
Let w(n) = -2*n + 4 - 41 + 1 - 3*n. Let m be w(-6). What is the hundreds digit of 71/(m/(2 + -4))*9?
2
Suppose 5*i + 12 = -d, 3*d - 50 = -2*d - 3*i. Let g(b) = -2*b**2 + 28*b + 25. What is the tens digit of g(d)?
5
Let k(b) = 544*b**2 + 214*b - 1770. What is the units digit of k(8)?
8
Let g = 279 - 279. Suppose 6*c - 151 - 3575 = g. What is the hundreds digit of c?
6
Let b = 2042 - -10954. What is the ten thousands digit of b?
1
Let h = 11957 - 3326. What is the tens digit of h?
3
Suppose -2*j - 4*s - 16 = 0, s + 2 = -2. Suppose j = -13*d - 13 - 13. What is the tens digit of (-31 - -1)*d/5?
1
Let w(s) = 27*s**2 - 88*s + 1387. What is the tens digit of w(23)?
4
Let x(k) = 7*k + 24. Let r be -5 + (-1 - (2 - 4)). Let s be x(r). What is the units digit of (18 + 0)*6 - s?
2
Let x = 42 + -30. Let g be ((-20)/(-6)*x/(-5))/(-1). Suppose 0 = g*v - 11*v + 231. What is the units digit of v?
7
Suppose 2552 = u - 5*y - 9566, 4*u - 48392 = 4*y. Suppose -u = -25*w + 1232. What is the tens digit of w?
3
Suppose 4*c + 5*d - 5703 = 0, 2*c + 5*d = 1812 + 1017. What is the hundreds digit of c?
4
Let d(u) be the second derivative of u**5/20 - 13*u**4/12 - 8*u**3/3 - 17*u**2 + 118*u. What is the tens digit of d(15)?
7
Suppose -c - 176*y + 174*y = -8489, 3*c + 2*y - 25483 = 0. What is the tens digit of c?
9
Let l be -3*(2/(-5) - 8/30). Suppose 14 = 4*a - l. Suppose 2*s - 70 = v, -2*s + 53 = -a*v - 23. What is the units digit of s?
4
Let d(l) = 4*l + 940. Let t be d(0). Suppose -10*v - t = -0*v. Let y = 5 - v. What is the tens digit of y?
9
Let f = -7707 - -4923. Let b = -1937 - f. Suppose b = 15*i - 8*i. What is the units digit of i?
1
Suppose 61*i = 63*i - 326. Suppose -i = -67*w + 66*w. What is the hundreds digit of w?
1
Suppose -2*d + 78 = -15*d. What is the units digit of (-537)/6*-2 + d?
3
Let g = 8414 - -2557. What is the units digit of g?
1
Let g(y) = -9*y**3 + y**2 + 1. Let i be g(-1). Suppose 2*x - i = 3*z, z - 2*x = -2 + 1. What is the units digit of (-1 - 2)/(z/40)?
4
Let q(f) = 124*f - 777. What is the hundreds digit of q(26)?
4
Let m be 12/3 + 7 + -9 - 7. Let g(j) = -251*j - 39. What is the thousands digit of g(m)?
1
Suppose -6*s + 3*w = -4*s - 103, -2*s - 4*w + 82 = 0. Suppose 7*o = -238 - 49. Let l = s + o. What is the units digit of l?
6
Let q = -2710 - -6749. What is the tens digit of q?
3
Let o be 136726/22 + (-104)/(-572). Suppose -3*w = 8*w - o. What is the units digit of w?
5
Let y be (-9)/(-15) + 3234/110. What is the hundreds digit of 5/y + (-13638)/(-36)?
3
Let q be 5*4/60*6. Let b(p) = 14*p**q + 2*p**2 - 5 + 2*p - 6*p - 5. What is the tens digit of b(-3)?
4
Suppose 0 = -225*k + 289*k - 714944. What is the tens digit of k?